{"id":152,"date":"2014-10-17T21:14:31","date_gmt":"2014-10-17T20:14:31","guid":{"rendered":"http:\/\/www.polizeiseelsorge-speyer.de\/?page_id=152"},"modified":"2023-10-10T19:34:41","modified_gmt":"2023-10-10T18:34:41","slug":"oekumene","status":"publish","type":"page","link":"https:\/\/www.polizeiseelsorge-pfalz.de\/?page_id=152","title":{"rendered":"\u00d6kumene"},"content":{"rendered":"\n<p>Die Arbeitsgemeinschaft Christlicher Kirchen in Deutschland verleiht alle zwei Jahre einen <a href=\"http:\/\/www.oekumene-ack.de\/ueber-uns\/oekumenepreis-der-ack\/\" target=\"_blank\" rel=\"noopener\">\u00d6kumenepreis \u2192<\/a>. Sie zeichnet damit Projekte und Initiativen aus, die zur Einheit der Christen beitragen und ein gemeinsames Engagement von Christinnen und Christen verschiedener Konfession f\u00f6rdern.<\/p>\n\n\n\n<p>Der \u00d6kumenepreis wird im Rahmen eines Empfangs im Anschluss an den bundesweiten Gottesdienst zur Gebetswoche f\u00fcr die Einheit der Christen verliehen.&nbsp;<\/p>\n\n\n\n<p>Wir, der gemeinsame Beirat der Polizeiseelsorge im Bistum Speyer und in der evangelischen Kirche der Pfalz (protestantische Landeskirche), haben uns im Jahr 2015 um die Verleihung des \u00d6kumenpreis beworben. Roland Schlosser, Ehrenvorsitzender des Polizeiseelsorgebeirats, hat mit viel Engagement unsere Bewerbungsmappe zusammengestellt.<\/p>\n\n\n\n<p>Zwar hat es mit dem Preis nicht geklappt, aber die Bewerbungsmappe m\u00f6chten wir Ihnen hier trotzdem gerne zum Lesen zur Verf\u00fcgung stellen.&nbsp;<\/p>\n\n\n\n<div class=\"wp-block-file\"><a id=\"wp-block-file--media-e892e822-a3f4-4deb-86de-1625ac33925b\" href=\"http:\/\/www.polizeiseelsorge-pfalz.de\/wp-content\/uploads\/2014\/10\/Bewerbung-\u00d6kumenepreis-2015.pdf\" target=\"_blank\" rel=\"noreferrer noopener\">Bewerbungsmappe \u00d6kumenepreis 2015<\/a><a href=\"http:\/\/www.polizeiseelsorge-pfalz.de\/wp-content\/uploads\/2014\/10\/Bewerbung-\u00d6kumenepreis-2015.pdf\" class=\"wp-block-file__button wp-element-button\" download aria-describedby=\"wp-block-file--media-e892e822-a3f4-4deb-86de-1625ac33925b\">Herunterladen<\/a><\/div>\n\n\n\n<p><\/p>\n","protected":false},"excerpt":{"rendered":"<p>Die Arbeitsgemeinschaft Christlicher Kirchen in Deutschland verleiht alle zwei Jahre einen \u00d6kumenepreis \u2192. Sie zeichnet damit Projekte und Initiativen aus, die zur Einheit der Christen beitragen und ein gemeinsames Engagement von Christinnen und Christen verschiedener Konfession f\u00f6rdern. Der \u00d6kumenepreis wird im Rahmen eines Empfangs im Anschluss an den bundesweiten Gottesdienst zur Gebetswoche f\u00fcr die Einheit [&hellip;]<\/p>\n","protected":false},"author":1,"featured_media":0,"parent":0,"menu_order":0,"comment_status":"closed","ping_status":"closed","template":"","meta":{"footnotes":""},"class_list":["post-152","page","type-page","status-publish","hentry"],"_links":{"self":[{"href":"https:\/\/www.polizeiseelsorge-pfalz.de\/index.php?rest_route=\/wp\/v2\/pages\/152","targetHints":{"allow":["GET"]}}],"collection":[{"href":"https:\/\/www.polizeiseelsorge-pfalz.de\/index.php?rest_route=\/wp\/v2\/pages"}],"about":[{"href":"https:\/\/www.polizeiseelsorge-pfalz.de\/index.php?rest_route=\/wp\/v2\/types\/page"}],"author":[{"embeddable":true,"href":"https:\/\/www.polizeiseelsorge-pfalz.de\/index.php?rest_route=\/wp\/v2\/users\/1"}],"replies":[{"embeddable":true,"href":"https:\/\/www.polizeiseelsorge-pfalz.de\/index.php?rest_route=%2Fwp%2Fv2%2Fcomments&post=152"}],"version-history":[{"count":10,"href":"https:\/\/www.polizeiseelsorge-pfalz.de\/index.php?rest_route=\/wp\/v2\/pages\/152\/revisions"}],"predecessor-version":[{"id":2376,"href":"https:\/\/www.polizeiseelsorge-pfalz.de\/index.php?rest_route=\/wp\/v2\/pages\/152\/revisions\/2376"}],"wp:attachment":[{"href":"https:\/\/www.polizeiseelsorge-pfalz.de\/index.php?rest_route=%2Fwp%2Fv2%2Fmedia&parent=152"}],"curies":[{"name":"wp","href":"https:\/\/api.w.org\/{rel}","templated":true}]}}